et n(h) = h**2 + 3*h + 3. Let w be n(-3). Let v(c) = -139*c + 1. Let f be v(-1). Suppose g + w*g = f. What is the greatest common factor of g and 5?
5
Suppose -3*y + 46 = -f, -y - 9 = 5*f - 3. Suppose -3*o + 8*m + 328 = 4*m, 5*m + 102 = o. Calculate the highest common factor of y and o.
14
Suppose -u = 39 - 276. Suppose -5*a + 4*d = -391, 11*a - 8*a - u = 3*d. What is the highest common factor of 50 and a?
25
Suppose 0 = -15*p + 11*p - 2*o + 2530, -2*o - 1880 = -3*p. What is the highest common divisor of 28 and p?
14
Let d = -1382 - -3454. What is the greatest common factor of 56 and d?
56
Let i(j) be the second derivative of 1/3*j**3 + 0 - 19/2*j**2 - 8*j. Let n be i(10). Calculate the highest common divisor of n and 7.
1
Let p = -327 - -426. Suppose -49 = -5*w + 2*u, -3*w - u + 6*u = -18. Calculate the highest common factor of w and p.
11
Let y = 116 + -113. Suppose -y*z + 1 = -2*z. Calculate the highest common factor of 10 and z.
1
Suppose 0 = 9*i - 141 - 174. Calculate the highest common divisor of 3080 and i.
35
Let g be -1 + (-5 - -5) + 5 - -116. Calculate the highest common divisor of 40 and g.
40
Let f(o) = -o**2 + 15*o + 90. Let k be f(18). What is the highest common divisor of k and 108?
36
Let n be (72/15)/(9/(-30)). Let g = 21 + n. Let t(l) = -l + 10. Let u be t(5). What is the greatest common divisor of g and u?
5
Let w = 288 - 162. Suppose -f = 8*f - w. Calculate the greatest common divisor of f and 112.
14
Suppose h + 10 = -h, -9 = -v - h. Let w = 14 - v. Let d be (-1 + w)*10/(-10). What is the greatest common divisor of d and 1?
1
Let j be 3*2*3/18. Let h(a) = 35*a + 4. Let g be h(j). Calculate the greatest common factor of 65 and g.
13
Suppose 3*o - f + 9 = 2, -4 = 2*f. Let v be o + 5/(-2)*-18. What is the greatest common factor of v and 14?
14
Suppose -2*j - 4*v = -186, 24 + 375 = 4*j - v. Calculate the highest common factor of j and 22.
11
Suppose -248*s + 1792 = -240*s. Let x be (-64)/3*(-30)/20. What is the greatest common factor of x and s?
32
Let a(l) = 3*l - 2. Let x be a(2). Suppose -27 = n - x*n. Let f = -25 + 26. Calculate the greatest common factor of n and f.
1
Let d(g) = g + 3. Let m be d(-1). Let b(s) = 5 + 2*s**2 - 8*s**m + 2*s**2 - 9*s + 3*s**2. Let n be b(-9). What is the highest common divisor of n and 1?
1
Let z(h) = -h**3 - 2*h**2 - 2*h - 5. Let p be z(-3). Calculate the highest common factor of 160 and p.
10
Suppose -2*o = -5*o. Let w(v) = v + 4*v**2 - 3*v**2 + o + 4 + 0*v. Let t be w(-3). What is the greatest common divisor of t and 80?
10
Let s = 483 + -168. Suppose 0 = -61*t + 211 + 1924. What is the highest common divisor of t and s?
35
Let f(r) = r**3 - 2*r**2 + r + 2. Let c be f(2). Let w be 30/(-24)*(-104)/585*18. What is the highest common factor of w and c?
4
Let g = 383 + -341. Calculate the highest common factor of g and 42.
42
Let o = -11 + 16. Let c be 22 + (-6)/(-2) + -5. Suppose -6*u + 10*u - c = 0. Calculate the greatest common factor of o and u.
5
Let v be 0/(-3) - 1*-41. Let y be (-2)/(-2) + (v - 0). Let q(h) = -h**2 + 27*h + 63. Let g be q(27). What is the greatest common divisor of g and y?
21
Let g(z) = -8*z**2 + 5*z - 5. Let u be g(3). Let s = -43 - u. Suppose 0 = -3*q - q + 152. What is the highest common factor of q and s?
19
Let t be 4/(-10)*47/((-611)/1430). Calculate the greatest common divisor of 418 and t.
22
Suppose -r - x - 17 + 49 = 0, -4*r + 138 = -x. What is the greatest common divisor of 170 and r?
34
Let j(a) = -4*a + 27. Let r be j(6). Calculate the greatest common divisor of r and 27.
3
Let n be 12 - -3 - (3 - (2 - -2)). Let a be (-140)/n*(-36 - (-1 + 1)). What is the greatest common factor of 45 and a?
45
Suppose 0 = -2*p - 5*s + 720, -8*p = -12*p - s + 1440. Calculate the highest common divisor of 100 and p.
20
Let j(a) = -a**2 + 13*a + 6. Let c be (-2)/(-1) + 6 + 5. Let o be j(c). Suppose o*l - 168 = 2*l. Calculate the greatest common factor of l and 28.
14
Let o be 4/(3*(-5)/(-1230)). Suppose 2*z + 4 = 4*z. Let i be o/z + (2 - 1). Calculate the highest common factor of 15 and i.
15
Let w(d) = 3*d**3 - 3*d**2 + 3*d + 8. Let a be w(7). Let y = a - 631. What is the greatest common factor of y and 40?
40
Let u be (-1 + -7)*7/(-2). Let b be (-6)/(-8) + 708/16. Let g be (-10)/b - 130/(-18). What is the greatest common divisor of g and u?
7
Let y(p) = -3*p**2 - 136*p - 93. Let a be y(-43). What is the greatest common factor of 8 and a?
8
Let a = -5 - -22. Let o = a - 5. Calculate the highest common divisor of 60 and o.
12
Let p = -327 - -370. What is the greatest common factor of p and 688?
43
Let p(g) = g**2 + 22. Suppose -3*k = 2*k. Let x be p(k). Let t be (-1 - 2 - -113)/2. What is the greatest common factor of x and t?
11
Let g(h) = -8 + 1 + 28*h - 5 - 36*h. Let o be g(-5). Calculate the highest common divisor of 56 and o.
28
Suppose -43*c + 92 = -338. Suppose 79 = 2*z - 257. Let d = -78 + z. Calculate the highest common factor of c and d.
10
Let q(i) = i + 1. Let l be q(0). Let a(p) = 11*p**3 - 3*p + 2. Let k be a(l). Calculate the highest common factor of 10 and k.
10
Let p = 302 + -145. Let m = 221 - p. What is the highest common factor of m and 16?
16
Suppose 3*l - 4*s - 79 = 0, 4*l + 4*s = s + 72. Calculate the greatest common factor of l and 231.
21
Let u(i) = -i**3 + 2*i - 25. Let z be u(0). Let b = z + 113. Calculate the greatest common factor of b and 11.
11
Let n(h) = -32*h + 3. Let p be n(-1). Suppose -5*c + 300 + 225 = 0. Calculate the greatest common factor of p and c.
35
Let x(f) be the first derivative of -f**4/4 - 8*f**3/3 - 13*f**2/2 + 7*f - 3. Let i be x(-6). What is the greatest common divisor of 143 and i?
13
Let l(c) = 5*c**2 - 2. Let n = 89 + -87. Let g be l(n). Calculate the highest common factor of g and 6.
6
Suppose 107 + 201 = 4*a. Let d be (0 - -21)*66/a. Calculate the highest common factor of 18 and d.
18
Suppose -3*z + 868 = 2*l + 198, -3*z + 4*l = -676. What is the greatest common divisor of 14 and z?
14
Let x = -275 - -282. What is the highest common divisor of x and 217?
7
Let b = 874 + -613. What is the highest common factor of 27 and b?
9
Suppose 16*t - 15*t - 2756 = 0. Calculate the greatest common divisor of t and 52.
52
Let p(w) = -2*w + 1. Let m be p(-1). Let a(q) = 5*q + 1. Let n = 9 - 5. Let c be a(n). Calculate the highest common factor of c and m.
3
Suppose 17 = -2*p + 23. Let q be 66/5*10/p. Calculate the greatest common divisor of q and 4.
4
Let m = -57 + 73. Let x = 15 + m. Let k(l) = -70*l - 1. Let f be k(-4). What is the greatest common divisor of f and x?
31
Suppose 2*q - 60 + 0 = 0. Let z be (-324)/q*(-10)/4. What is the greatest common factor of z and 27?
27
Suppose 2*g - 128 = 2*t, -2*g + 53*t = 48*t - 140. Calculate the greatest common factor of g and 36.
12
Let b(i) = 2*i**2 + 12*i + 20. Let q be b(-4). What is the highest common divisor of 38 and q?
2
Let x = 97 - 46. What is the highest common divisor of x and 3?
3
Let l be 5/4 + (-15)/(-20). Suppose 0*x = -2*x + 5*i - 11, -5*i + 23 = 4*x. Suppose y = -x*y + 3. Calculate the highest common divisor of l and y.
1
Let g(a) be the first derivative of 7*a**2/2 - 12*a + 11. Let u be g(6). What is the greatest common divisor of 75 and u?
15
Suppose 525 = 4*r + 5*s, -r + 127 - 1 = 3*s. Let g(w) = w**3 + 7*w**2 + 3*w + 9. Let j be g(-6). What is the highest common divisor of r and j?
27
Suppose -49 - 133 = -7*b. What is the highest common factor of 1274 and b?
26
Suppose 0 = -v - 3 + 8, 0 = 5*s - 4*v + 10. Suppose 2*j + j + s = -2*w, 2*j = -2*w. Calculate the highest common factor of 2 and w.
2
Suppose -9*m + 897 + 1047 = 0. Calculate the highest common divisor of m and 27.
27
Suppose -q + 4*q - a + 24 = 0, 4*q + 33 = a. Let t be ((-75)/2)/(q/18). Calculate the highest common divisor of t and 25.
25
Let t(m) = -5*m + 59. Let w be t(10). Suppose -w*g = -27 - 18. What is the greatest common factor of g and 40?
5
Let g = -1405 - -1627. What is the highest common factor of g and 518?
74
Let g(m) = m**3 + 19*m**2 - m + 11. Let b be g(-19). What is the greatest common divisor of b and 105?
15
Let r(k) = k**3 + 10*k**2 + 21*k + 21. Let u be r(-7). Calculate the greatest common factor of 161 and u.
7
Let y = 311 - 255. Calculate the greatest common factor of y and 21.
7
Let l